{"id":58,"date":"2022-10-03T15:26:15","date_gmt":"2022-10-03T15:26:15","guid":{"rendered":"https:\/\/www.bitedesign.eu\/?post_type=product&#038;p=58"},"modified":"2024-06-16T22:52:55","modified_gmt":"2024-06-16T22:52:55","slug":"toyota-celica-vii-louvers-boczne","status":"publish","type":"product","link":"https:\/\/www.bitedesign.eu\/index.php\/produkt\/toyota-celica-vii-louvers-boczne\/","title":{"rendered":"Toyota Celica VII Louvers Boczne"},"content":{"rendered":"","protected":false},"excerpt":{"rendered":"<p>Produkt wykonany z najwy\u017cszej jako\u015bci materia\u0142\u00f3w. Produkt wyko\u0144czony w czarnym po\u0142ysku lub mat. Mo\u017cliwo\u015b\u0107 wybrania koloru kratek z palety RAL.<\/p>\n<p>Bardzo \u0142atwy monta\u017c oraz idealne dopasowanie do auta bez konieczno\u015bci przer\u00f3bek.<\/p>\n<p>Zestaw zawiera mocn\u0105 dwustronn\u0105 ta\u015bm\u0119 monta\u017cow\u0105.<\/p>\n","protected":false},"featured_media":4857,"comment_status":"closed","ping_status":"closed","template":"","meta":{"_et_pb_use_builder":"","_et_pb_old_content":"","_et_gb_content_width":""},"product_brand":[],"product_cat":[19,20],"product_tag":[],"class_list":{"0":"post-58","1":"product","2":"type-product","3":"status-publish","4":"has-post-thumbnail","6":"product_cat-celica","7":"product_cat-vii","9":"first","10":"instock","11":"taxable","12":"shipping-taxable","13":"purchasable","14":"product-type-simple"},"jetpack_sharing_enabled":true,"_links":{"self":[{"href":"https:\/\/www.bitedesign.eu\/index.php\/wp-json\/wp\/v2\/product\/58","targetHints":{"allow":["GET"]}}],"collection":[{"href":"https:\/\/www.bitedesign.eu\/index.php\/wp-json\/wp\/v2\/product"}],"about":[{"href":"https:\/\/www.bitedesign.eu\/index.php\/wp-json\/wp\/v2\/types\/product"}],"replies":[{"embeddable":true,"href":"https:\/\/www.bitedesign.eu\/index.php\/wp-json\/wp\/v2\/comments?post=58"}],"wp:featuredmedia":[{"embeddable":true,"href":"https:\/\/www.bitedesign.eu\/index.php\/wp-json\/wp\/v2\/media\/4857"}],"wp:attachment":[{"href":"https:\/\/www.bitedesign.eu\/index.php\/wp-json\/wp\/v2\/media?parent=58"}],"wp:term":[{"taxonomy":"product_brand","embeddable":true,"href":"https:\/\/www.bitedesign.eu\/index.php\/wp-json\/wp\/v2\/product_brand?post=58"},{"taxonomy":"product_cat","embeddable":true,"href":"https:\/\/www.bitedesign.eu\/index.php\/wp-json\/wp\/v2\/product_cat?post=58"},{"taxonomy":"product_tag","embeddable":true,"href":"https:\/\/www.bitedesign.eu\/index.php\/wp-json\/wp\/v2\/product_tag?post=58"}],"curies":[{"name":"wp","href":"https:\/\/api.w.org\/{rel}","templated":true}]}}