{"id":5351,"date":"2025-11-19T17:16:58","date_gmt":"2025-11-19T17:16:58","guid":{"rendered":"https:\/\/www.bitedesign.eu\/index.php\/produkt\/godzilla-spoiler-extension-nissan-350z-nismo-v3\/"},"modified":"2025-11-19T18:25:40","modified_gmt":"2025-11-19T18:25:40","slug":"godzilla-spoiler-extension-nissan-350z-nismo-v3","status":"publish","type":"product","link":"https:\/\/www.bitedesign.eu\/index.php\/produkt\/godzilla-spoiler-extension-nissan-350z-nismo-v3\/","title":{"rendered":"GODZILLA SPOILER EXTENSION (for nissan 350z nismo V3 spoiler)"},"content":{"rendered":"<p>GODZILLA SPOILER EXTENSION<\/p>\n<p>Dok\u0142adka dedykowana do spilera NISMO V3 do Nissana 350z, kt\u00f3ry r\u00f3wnie\u017c mo\u017cecie kupi\u0107 w naszym sklepie.<\/p>\n<p>Cz\u0119\u015b\u0107 wykonana z wysokiej jako\u015bci materia\u0142u wyko\u0144czonego farb\u0105 podk\u0142adow\u0105.<\/p>\n","protected":false},"excerpt":{"rendered":"<p>GODZILLA SPOILER EXTENSION Dok\u0142adka dedykowana do spilera NISMO V3 do Nissana 350z, kt\u00f3ry r\u00f3wnie\u017c mo\u017cecie kupi\u0107 w naszym sklepie. Cz\u0119\u015b\u0107 wykonana z wysokiej jako\u015bci materia\u0142u wyko\u0144czonego farb\u0105 podk\u0142adow\u0105.<\/p>\n","protected":false},"featured_media":5342,"comment_status":"open","ping_status":"closed","template":"","meta":{"_et_pb_use_builder":"","_et_pb_old_content":"","_et_gb_content_width":""},"product_brand":[],"product_cat":[16,31],"product_tag":[79,40,56,55,81,53,80,77,54],"class_list":{"0":"post-5351","1":"product","2":"type-product","3":"status-publish","4":"has-post-thumbnail","6":"product_cat-bez-kategorii","7":"product_cat-nissan","8":"product_tag-350z","9":"product_tag-dokladka","10":"product_tag-duckbill","11":"product_tag-ducktail","12":"product_tag-godzilla","13":"product_tag-lip","14":"product_tag-nissan-350z","15":"product_tag-rear-lip","16":"product_tag-spoiler","18":"first","19":"instock","20":"taxable","21":"shipping-taxable","22":"purchasable","23":"product-type-simple"},"jetpack_sharing_enabled":true,"_links":{"self":[{"href":"https:\/\/www.bitedesign.eu\/index.php\/wp-json\/wp\/v2\/product\/5351","targetHints":{"allow":["GET"]}}],"collection":[{"href":"https:\/\/www.bitedesign.eu\/index.php\/wp-json\/wp\/v2\/product"}],"about":[{"href":"https:\/\/www.bitedesign.eu\/index.php\/wp-json\/wp\/v2\/types\/product"}],"replies":[{"embeddable":true,"href":"https:\/\/www.bitedesign.eu\/index.php\/wp-json\/wp\/v2\/comments?post=5351"}],"wp:featuredmedia":[{"embeddable":true,"href":"https:\/\/www.bitedesign.eu\/index.php\/wp-json\/wp\/v2\/media\/5342"}],"wp:attachment":[{"href":"https:\/\/www.bitedesign.eu\/index.php\/wp-json\/wp\/v2\/media?parent=5351"}],"wp:term":[{"taxonomy":"product_brand","embeddable":true,"href":"https:\/\/www.bitedesign.eu\/index.php\/wp-json\/wp\/v2\/product_brand?post=5351"},{"taxonomy":"product_cat","embeddable":true,"href":"https:\/\/www.bitedesign.eu\/index.php\/wp-json\/wp\/v2\/product_cat?post=5351"},{"taxonomy":"product_tag","embeddable":true,"href":"https:\/\/www.bitedesign.eu\/index.php\/wp-json\/wp\/v2\/product_tag?post=5351"}],"curies":[{"name":"wp","href":"https:\/\/api.w.org\/{rel}","templated":true}]}}